number?
True
Is 54539 a prime number?
True
Is 10169 prime?
True
Is 468343 a prime number?
False
Is 98557 prime?
False
Is 1361 composite?
False
Is 25405 composite?
True
Is 50243 a prime number?
False
Is 13327 a prime number?
True
Is 355595 a prime number?
False
Is 5155 composite?
True
Is 38939 composite?
True
Is 1373 prime?
True
Is 15959 a composite number?
False
Is 54029 a composite number?
True
Is 558493 composite?
True
Is 115823 prime?
True
Is 8503 a prime number?
False
Is 128299 prime?
False
Is 465143 a composite number?
True
Is 452519 prime?
True
Is 25777 composite?
True
Is 1535 prime?
False
Is 689963 a composite number?
False
Is 7477 prime?
True
Is 6502 a composite number?
True
Is 18457 composite?
False
Is 6121 a prime number?
True
Is 4751 prime?
True
Is 22439 a composite number?
True
Is 17245 a prime number?
False
Is 23321 a prime number?
True
Is 10369 a prime number?
True
Is 29195 a prime number?
False
Is 10117 composite?
True
Is 841 a prime number?
False
Is 209123 prime?
True
Is 34031 composite?
False
Is 651815 prime?
False
Is 459077 a composite number?
True
Is 1949 a composite number?
False
Is 61079 prime?
False
Is 4937 prime?
True
Is 16841 a prime number?
False
Is 90121 prime?
True
Is 34457 composite?
False
Is 1507301 a composite number?
False
Is 302899 composite?
True
Is 419153 a prime number?
False
Is 7669 a composite number?
False
Is 3403 prime?
False
Is 349521 prime?
False
Is 2142106 a composite number?
True
Is 10529 composite?
False
Is 13921 a prime number?
True
Is 3374842 prime?
False
Is 2429 a composite number?
True
Is 126271 composite?
False
Is 189827 prime?
False
Is 139427 a prime number?
False
Is 101641 a composite number?
False
Is 10883 a prime number?
True
Is 48669 composite?
True
Is 169237 composite?
True
Is 11467 prime?
True
Is 43117 a composite number?
False
Is 1109 a composite number?
False
Is 30337 prime?
False
Is 406873 a composite number?
False
Is 1726561 a prime number?
True
Is 51773 composite?
True
Is 7393 a prime number?
True
Is 504535 a prime number?
False
Is 119083 composite?
False
Is 31469 a composite number?
False
Is 2201689 a prime number?
False
Is 2777 a composite number?
False
Is 5519 prime?
True
Is 92893 a composite number?
False
Is 783359 a prime number?
True
Is 357971 prime?
False
Is 450161 a prime number?
True
Is 5498 a prime number?
False
Is 18019 composite?
True
Is 3943 a composite number?
False
Is 91009 a composite number?
False
Is 22229 a prime number?
True
Is 71237 prime?
True
Is 3607 a composite number?
False
Is 9197 composite?
True
Is 21467 a prime number?
True
Is 174373 a composite number?
True
Is 241219 composite?
True
Is 240785 prime?
False
Is 9029 composite?
False
Is 53759 prime?
True
Is 99749 a prime number?
False
Is 8119 a composite number?
True
Is 1343977 a prime number?
False
Is 28673 prime?
False
Is 121211 composite?
True
Is 1409 prime?
True
Is 107455 composite?
True
Is 2282135 a prime number?
False
Is 10033 a composite number?
True
Is 7534 composite?
True
Is 481307 composite?
False
Is 317237 a composite number?
True
Is 4777 composite?
True
Is 12751 prime?
False
Is 9143 composite?
True
Is 509359 prime?
True
Is 1711 a composite number?
True
Is 12247 a prime number?
False
Is 1543 a composite number?
False
Is 167309 composite?
False
Is 15089 a prime number?
False
Is 18331 composite?
True
Is 123763 a prime number?
False
Is 1027993 prime?
False
Is 11 prime?
True
Is 18539 a composite number?
False
Is 25034 a composite number?
True
Is 237137 a prime number?
True
Is 162193 a composite number?
True
Is 9127 a composite number?
False
Is 65239 prime?
True
Is 15427 a composite number?
False
Is 226283 a composite number?
False
Is 235489 a prime number?
True
Is 129167 prime?
False
Is 1177 prime?
False
Is 5381 prime?
True
Is 3277 composite?
True
Is 3065 a prime number?
False
Is 224401 composite?
False
Is 206993 prime?
True
Is 769 prime?
True
Is 23531 a composite number?
False
Is 506417 prime?
True
Is 227743 a composite number?
False
Is 1834721 a composite number?
True
Is 170473 prime?
True
Is 8209 a prime number?
True
Is 1900303 a prime number?
True
Is 293 composite?
False
Is 1759 a prime number?
True
Is 5475387 composite?
True
Is 1257557 composite?
True
Is 2963 a prime number?
True
Is 985673 prime?
False
Is 17369 prime?
False
Is 153059 prime?
True
Is 4567 prime?
True
Is 4443 prime?
False
Is 534229 prime?
True
Is 73079 prime?
True
Is 141739 composite?
True
Is 42617 prime?
False
Is 794602 prime?
False
Is 15335 composite?
True
Is 707 prime?
False
Is 667 composite?
True
Is 824921 a composite number?
False
Is 84047 prime?
True
Is 1361 composite?
False
Is 39359 a composite number?
False
Is 5316449 composite?
True
Is 39293 composite?
False
Is 633 prime?
False
Is 59107 a composite number?
False
Is 54177 a composite number?
True
Is 6589 prime?
False
Is 29091 a prime number?
False
Is 349139 a composite number?
True
Is 3240169 a composite number?
False
Is 539069 a composite number?
True
Is 75697 a prime number?
False
Is 967693 composite?
False
Is 508867 composite?
False
Is 277051 a composite number?
False
Is 30293 composite?
False
Is 23477 a composite number?
True
Is 37659 a composite number?
True
Is 23123 a composite number?
True
Is 660653 composite?
True
Is 419 a prime number?
True
Is 71171 a composite number?
False
Is 310627 a composite number?
False
Is 103783 prime?
False
Is 96081 a prime number?
False
Is 1262 a composite number?
True
Is 39659 composite?
False
Is 69929 a composite number?
False
Is 17447 a composite number?
True
Is 30211 composite?
False
Is 1651 composite?
True
Is 52021 prime?
True
Is 218765 a composite number?
True
Is 5917 composite?
True
Is 32141 a prime number?
True
Is 4721 prime?
True
Is 11579 a prime number?
True
Is 401039 a prime number?
True
Is 19658 composite?
True
Is 100213 prime?
True
Is 382 prime?
False
Is 26321 a composite number?
False
Is 8923 composite?
False
Is 3353 composite?
True
Is 341191 a prime number?
True
Is 97193 composite?
True
Is 10427 composite?
False
Is 29819 a composite number?
False
Is 29347 composite?
False
Is 48199 prime?
False
Is 23143 prime?
True
Is 38138 a prime number?
False
Is 4493 a prime number?
True
Is 1142 a composite number?
True
Is 3842515 composite?
True
Is 63949 composite?
False
Is 17543 prime?
False
Is 31091 a prime number?
True
Is 16607 a composite number?
False
Is 143279 prime?
False
Is 8779 a prime number?
True
Is 9529 a composite number?
True
Is 50927 a prime number?
False
Is 3239 composite?
True
Is 20161 a prime number?
True
Is 2181269 a prime number?
False
Is 39079 a prime number?
True
Is 27073 composite?
False
Is 276497 composite?
True
Is 24019 a prime number?
True
Is 96623 composite?
True
Is 99565 prime?
False
Is 28429 a prime number?
True
Is 1217 a composite number?
False
Is 182747 composite?
False
Is 29591 composite?
True
Is 551497 composite?
True
Is 32989 a prime number?
False
Is 14699 composite?
False
Is 16993 a composite number?
False
Is 35069 a prime number?
True
Is 469 prime?
False
Is 158605 a composite number?
True
Is 3221 a composite number?
False
Is 14951 a composite number?
False
Is 188927 prime?
True
Is 299137 a prime number?
True
Is 372223 a prime number?
True
Is 2101 a composite number?
True
Is 15013 composite?
False
Is 14173 a prime number?
True
Is 18809 a prime number?
False
Is 25045 a prime number?
False
Is 20422 a prime number?
False
Is 4831 prime?
True
Is 21133 composite?
True
Is 51479 a composite number?
False
Is 540331 a composite number?
True
Is 2897 composite?
False
Is 19357 composite?
True
Is 51257 a composite number?
False
Is 1082407 prime?
False
Is 2819 a prime number?
True
Is 146507 prime?
False
Is 102397 prime?
True
Is 7603 prime?
True
Is 160501 a prime number?
False
Is 110009 a composite number?
True
Is 14843 composite?
False
Is 25427 a prime number?
False
Is 9611 a composite number?
True
Is 2327131 prime?
True
Is 244507 prime?
True
Is 3127 composite?
True
Is 27767 a composite number?
False
Is 1097483 prime?
True
Is 122921 a prime number?
True
Is 172373 composite?
False
Is 9923 a composite number?
False
Is 2180993 composite?
False
Is 24007 a prime number?
True
Is 31637 a composite number?
True
Is 42061 a prime number?
True
Is 536885 prime?
False
Is 51131 prime?
True
Is 14903 prime?
False
Is 141397 composit